{"id":3124,"date":"2018-07-05T01:04:27","date_gmt":"2018-07-05T01:04:27","guid":{"rendered":"https:\/\/themegavias.com\/wp\/vizeon\/?page_id=3124"},"modified":"2026-03-26T09:43:09","modified_gmt":"2026-03-26T09:43:09","slug":"nos-services","status":"publish","type":"page","link":"https:\/\/stepsdomain.com\/index.php\/nos-services\/","title":{"rendered":"Nos services"},"content":{"rendered":"\t\t<div data-elementor-type=\"wp-post\" data-elementor-id=\"3124\" class=\"elementor elementor-3124\">\n\t\t\t\t<div class=\"elementor-element elementor-element-bfb6f34 e-flex e-con-boxed e-con e-parent\" data-id=\"bfb6f34\" data-element_type=\"container\" data-e-type=\"container\">\n\t\t\t\t\t<div class=\"e-con-inner\">\n\t\t\t\t<div class=\"elementor-element elementor-element-329fa44 elementor-widget elementor-widget-heading\" data-id=\"329fa44\" data-element_type=\"widget\" data-e-type=\"widget\" data-widget_type=\"heading.default\">\n\t\t\t\t\t<h2 class=\"elementor-heading-title elementor-size-default\">Nous accompagnons les PME dans leurs d\u00e9cisions strat\u00e9giques et leur transformation op\u00e9rationnelle <br>\n\u00e0 travers des services sur-mesure, accessibles, concrets et orient\u00e9s r\u00e9sultats.<\/h2>\t\t\t\t<\/div>\n\t\t\t\t\t<\/div>\n\t\t\t\t<\/div>\n\t\t\t\t<section class=\"elementor-section elementor-top-section elementor-element elementor-element-1c672db elementor-section-boxed elementor-section-height-default elementor-section-height-default\" data-id=\"1c672db\" data-element_type=\"section\" data-e-type=\"section\">\n\t\t\t\t\t\t<div class=\"elementor-container elementor-column-gap-default\">\n\t\t\t\t\t<div class=\"elementor-column elementor-col-100 elementor-top-column elementor-element elementor-element-0165fe9\" data-id=\"0165fe9\" data-element_type=\"column\" data-e-type=\"column\">\n\t\t\t<div class=\"elementor-widget-wrap elementor-element-populated\">\n\t\t\t\t\t\t<div class=\"elementor-element elementor-element-3148cca elementor-widget elementor-widget-gva-services\" data-id=\"3148cca\" data-element_type=\"widget\" data-e-type=\"widget\" data-widget_type=\"gva-services.default\">\n\t\t\t\t<div class=\"elementor-widget-container\">\n\t\t\t\t\t<div class=\"gva-element-gva-services gva-element\">  \r\n  <div class=\"gva-services-grid clearfix gva-services\">\r\n      <div class=\"gva-content-items\"> \r\n        <div class=\"lg-block-grid-3 md-block-grid-3 sm-block-grid-2 xs-block-grid-1\">\r\n          <div class=\"item-columns\"><div class=\"item\">\n   <div class=\"service-block service-item-v1\">      \n      <div class=\"service-images lightGallery\">\n                           <div class=\"image-item\">\n                     <a href=\"https:\/\/stepsdomain.com\/wp-content\/uploads\/2026\/03\/Instagram-post-1-18-1.png\" class=\"zoomGallery\" data-rel=\"lightGallery\">\n                        <span class=\"icon-expand\"><i class=\"fa fa-expand\"><\/i><\/span>\n                        <img decoding=\"async\" src=\"https:\/\/stepsdomain.com\/wp-content\/uploads\/2026\/03\/Instagram-post-1-18-1-180x180.png\"  class=\"hidden\" alt=\"RH &#038; d\u00e9veloppement des comp\u00e9tences\" \/>\n                     <\/a>\n                     <img fetchpriority=\"high\" decoding=\"async\" width=\"1024\" height=\"678\" src=\"https:\/\/stepsdomain.com\/wp-content\/uploads\/2026\/03\/Instagram-post-1-18-1.png\" class=\"attachment-full size-full\" alt=\"\" \/>                  <\/div>\n                     <\/div>   \n      <div class=\"service-content\">\n         <div class=\"content-inner\">\n            <h3 class=\"title\">\n               <a href=\"https:\/\/stepsdomain.com\/index.php\/service\/__trashed\/\">RH &#038; d\u00e9veloppement des comp\u00e9tences<\/a>\n            <\/h3>\n            <div class=\"desc\">Renforcer vos \u00e9quipes et vos talents pour soutenir la performance.\r\n<\/div> \n            <div class=\"readmore\">\n               <a href=\"https:\/\/stepsdomain.com\/index.php\/service\/__trashed\/\">Voir plus<\/a>\n            <\/div>\n         <\/div>    \n      <\/div>\n   <\/div>\n<\/div><\/div><div class=\"item-columns\"><div class=\"item\">\n   <div class=\"service-block service-item-v1\">      \n      <div class=\"service-images lightGallery\">\n                           <div class=\"image-item\">\n                     <a href=\"https:\/\/stepsdomain.com\/wp-content\/uploads\/2026\/03\/sofratech-2.jpg\" class=\"zoomGallery\" data-rel=\"lightGallery\">\n                        <span class=\"icon-expand\"><i class=\"fa fa-expand\"><\/i><\/span>\n                        <img decoding=\"async\" src=\"https:\/\/stepsdomain.com\/wp-content\/uploads\/2026\/03\/sofratech-2-180x180.jpg\"  class=\"hidden\" alt=\"Strat\u00e9gie de Communication et Digitale\" \/>\n                     <\/a>\n                     <img decoding=\"async\" width=\"960\" height=\"675\" src=\"https:\/\/stepsdomain.com\/wp-content\/uploads\/2026\/03\/sofratech-2.jpg\" class=\"attachment-full size-full\" alt=\"\" \/>                  <\/div>\n                     <\/div>   \n      <div class=\"service-content\">\n         <div class=\"content-inner\">\n            <h3 class=\"title\">\n               <a href=\"https:\/\/stepsdomain.com\/index.php\/service\/strategie-de-communication-et-digitale\/\">Strat\u00e9gie de Communication et Digitale<\/a>\n            <\/h3>\n            <div class=\"desc\">Accro\u00eetre votre attractivit\u00e9 et structurer votre d\u00e9veloppement.\r\n<\/div> \n            <div class=\"readmore\">\n               <a href=\"https:\/\/stepsdomain.com\/index.php\/service\/strategie-de-communication-et-digitale\/\">Voir plus<\/a>\n            <\/div>\n         <\/div>    \n      <\/div>\n   <\/div>\n<\/div><\/div><div class=\"item-columns\"><div class=\"item\">\n   <div class=\"service-block service-item-v1\">      \n      <div class=\"service-images lightGallery\">\n                           <div class=\"image-item\">\n                     <a href=\"https:\/\/stepsdomain.com\/wp-content\/uploads\/2026\/03\/86932318_110560107190487_3174898378492346368_n.jpg\" class=\"zoomGallery\" data-rel=\"lightGallery\">\n                        <span class=\"icon-expand\"><i class=\"fa fa-expand\"><\/i><\/span>\n                        <img decoding=\"async\" src=\"https:\/\/stepsdomain.com\/wp-content\/uploads\/2026\/03\/86932318_110560107190487_3174898378492346368_n-180x180.jpg\"  class=\"hidden\" alt=\"Leadership &#038; communication manag\u00e9riale\" \/>\n                     <\/a>\n                     <img decoding=\"async\" width=\"800\" height=\"600\" src=\"https:\/\/stepsdomain.com\/wp-content\/uploads\/2026\/03\/86932318_110560107190487_3174898378492346368_n.jpg\" class=\"attachment-full size-full\" alt=\"\" \/>                  <\/div>\n                     <\/div>   \n      <div class=\"service-content\">\n         <div class=\"content-inner\">\n            <h3 class=\"title\">\n               <a href=\"https:\/\/stepsdomain.com\/index.php\/service\/leadership-communication-manageriale\/\">Leadership &#038; communication manag\u00e9riale<\/a>\n            <\/h3>\n            <div class=\"desc\">D\u00e9velopper des managers inspirants et efficaces.\r\n<\/div> \n            <div class=\"readmore\">\n               <a href=\"https:\/\/stepsdomain.com\/index.php\/service\/leadership-communication-manageriale\/\">Voir plus<\/a>\n            <\/div>\n         <\/div>    \n      <\/div>\n   <\/div>\n<\/div><\/div><div class=\"item-columns\"><div class=\"item\">\n   <div class=\"service-block service-item-v1\">      \n      <div class=\"service-images lightGallery\">\n                           <div class=\"image-item\">\n                     <a href=\"https:\/\/stepsdomain.com\/wp-content\/uploads\/2026\/03\/134726952_230187128561117_4637093874558248672_n.jpg\" class=\"zoomGallery\" data-rel=\"lightGallery\">\n                        <span class=\"icon-expand\"><i class=\"fa fa-expand\"><\/i><\/span>\n                        <img decoding=\"async\" src=\"https:\/\/stepsdomain.com\/wp-content\/uploads\/2026\/03\/134726952_230187128561117_4637093874558248672_n-180x180.jpg\"  class=\"hidden\" alt=\"Strat\u00e9gie de communication &#038; image de marque\" \/>\n                     <\/a>\n                     <img loading=\"lazy\" decoding=\"async\" width=\"2048\" height=\"1362\" src=\"https:\/\/stepsdomain.com\/wp-content\/uploads\/2026\/03\/134726952_230187128561117_4637093874558248672_n.jpg\" class=\"attachment-full size-full\" alt=\"\" \/>                  <\/div>\n                     <\/div>   \n      <div class=\"service-content\">\n         <div class=\"content-inner\">\n            <h3 class=\"title\">\n               <a href=\"https:\/\/stepsdomain.com\/index.php\/service\/strategie-de-communication-image-de-marque\/\">Strat\u00e9gie de communication &#038; image de marque<\/a>\n            <\/h3>\n            <div class=\"desc\">Faire entendre votre voix et valoriser votre entreprise.<\/div> \n            <div class=\"readmore\">\n               <a href=\"https:\/\/stepsdomain.com\/index.php\/service\/strategie-de-communication-image-de-marque\/\">Voir plus<\/a>\n            <\/div>\n         <\/div>    \n      <\/div>\n   <\/div>\n<\/div><\/div><div class=\"item-columns\"><div class=\"item\">\n   <div class=\"service-block service-item-v1\">      \n      <div class=\"service-images lightGallery\">\n                           <div class=\"image-item\">\n                     <a href=\"https:\/\/stepsdomain.com\/wp-content\/uploads\/2026\/03\/Instagram-post-1-18-1.png\" class=\"zoomGallery\" data-rel=\"lightGallery\">\n                        <span class=\"icon-expand\"><i class=\"fa fa-expand\"><\/i><\/span>\n                        <img decoding=\"async\" src=\"https:\/\/stepsdomain.com\/wp-content\/uploads\/2026\/03\/Instagram-post-1-18-1-180x180.png\"  class=\"hidden\" alt=\"RH &#038; d\u00e9veloppement des comp\u00e9tences\" \/>\n                     <\/a>\n                     <img fetchpriority=\"high\" decoding=\"async\" width=\"1024\" height=\"678\" src=\"https:\/\/stepsdomain.com\/wp-content\/uploads\/2026\/03\/Instagram-post-1-18-1.png\" class=\"attachment-full size-full\" alt=\"\" \/>                  <\/div>\n                     <\/div>   \n      <div class=\"service-content\">\n         <div class=\"content-inner\">\n            <h3 class=\"title\">\n               <a href=\"https:\/\/stepsdomain.com\/index.php\/service\/rh-developpement-des-competences\/\">RH &#038; d\u00e9veloppement des comp\u00e9tences<\/a>\n            <\/h3>\n            <div class=\"desc\">Renforcer vos \u00e9quipes et vos talents pour soutenir la performance.\r\n<\/div> \n            <div class=\"readmore\">\n               <a href=\"https:\/\/stepsdomain.com\/index.php\/service\/rh-developpement-des-competences\/\">Voir plus<\/a>\n            <\/div>\n         <\/div>    \n      <\/div>\n   <\/div>\n<\/div><\/div><div class=\"item-columns\"><div class=\"item\">\n   <div class=\"service-block service-item-v1\">      \n      <div class=\"service-images lightGallery\">\n                           <div class=\"image-item\">\n                     <a href=\"https:\/\/stepsdomain.com\/wp-content\/uploads\/2026\/03\/135713468_2026169020867952_5864519572520439102_n-1.jpg\" class=\"zoomGallery\" data-rel=\"lightGallery\">\n                        <span class=\"icon-expand\"><i class=\"fa fa-expand\"><\/i><\/span>\n                        <img decoding=\"async\" src=\"https:\/\/stepsdomain.com\/wp-content\/uploads\/2026\/03\/135713468_2026169020867952_5864519572520439102_n-1-180x180.jpg\"  class=\"hidden\" alt=\"\u00c9tudes de march\u00e9 (qualitatives &#038; quantitatives)\" \/>\n                     <\/a>\n                     <img loading=\"lazy\" decoding=\"async\" width=\"960\" height=\"638\" src=\"https:\/\/stepsdomain.com\/wp-content\/uploads\/2026\/03\/135713468_2026169020867952_5864519572520439102_n-1.jpg\" class=\"attachment-full size-full\" alt=\"\" \/>                  <\/div>\n                     <\/div>   \n      <div class=\"service-content\">\n         <div class=\"content-inner\">\n            <h3 class=\"title\">\n               <a href=\"https:\/\/stepsdomain.com\/index.php\/service\/etudes-de-marche-qualitatives-quantitatives\/\">\u00c9tudes de march\u00e9 (qualitatives &#038; quantitatives)<\/a>\n            <\/h3>\n            <div class=\"desc\">Comprendre vos clients, votre march\u00e9 et vos concurrents pour prendre des d\u00e9cisions \u00e9clair\u00e9es.\r\n<\/div> \n            <div class=\"readmore\">\n               <a href=\"https:\/\/stepsdomain.com\/index.php\/service\/etudes-de-marche-qualitatives-quantitatives\/\">Voir plus<\/a>\n            <\/div>\n         <\/div>    \n      <\/div>\n   <\/div>\n<\/div><\/div>        <\/div>\r\n      <\/div>\r\n                <div class=\"pagination\">\r\n              <div class=\"column one pager_wrapper\"><div class=\"pager\"><div class=\"paginations\"><a href=\"https:\/\/stepsdomain.com\/index.php\/wp-json\/wp\/v2\/pages\/3124\/\" class=\"page-item active\">1<\/a><a href=\"https:\/\/stepsdomain.com\/index.php\/wp-json\/wp\/v2\/pages\/3124\/page\/2\/\" class=\"page-item\">2<\/a><a class=\"next_page\" href=\"https:\/\/stepsdomain.com\/index.php\/wp-json\/wp\/v2\/pages\/3124\/page\/2\/\"><i class=\"gv-icon-165\"><\/i><\/a><\/div><\/div><\/div>\n          <\/div>\r\n        <\/div>\r\n  <\/div>\t\t\t\t<\/div>\n\t\t\t\t<\/div>\n\t\t\t\t\t<\/div>\n\t\t<\/div>\n\t\t\t\t\t<\/div>\n\t\t<\/section>\n\t\t\t\t<section class=\"elementor-section elementor-top-section elementor-element elementor-element-375143d elementor-section-boxed elementor-section-height-default elementor-section-height-default\" data-id=\"375143d\" data-element_type=\"section\" data-e-type=\"section\" data-settings=\"{&quot;background_background&quot;:&quot;classic&quot;}\">\n\t\t\t\t\t\t<div class=\"elementor-container elementor-column-gap-default\">\n\t\t\t\t\t<div class=\"elementor-column elementor-col-100 elementor-top-column elementor-element elementor-element-26200e9\" data-id=\"26200e9\" data-element_type=\"column\" data-e-type=\"column\">\n\t\t\t<div class=\"elementor-widget-wrap elementor-element-populated\">\n\t\t\t\t\t\t<div class=\"elementor-element elementor-element-48a0d97 elementor-widget elementor-widget-gva-heading-block\" data-id=\"48a0d97\" data-element_type=\"widget\" data-e-type=\"widget\" data-widget_type=\"gva-heading-block.default\">\n\t\t\t\t<div class=\"elementor-widget-container\">\n\t\t\t\t\t<div class=\"gva-element-gva-heading-block gva-element\">   <div class=\"align-center style-1 widget gsc-heading\">\r\n      <div class=\"content-inner\">\r\n         \r\n                  \r\n                     <div class=\"sub-title\"><span>Des experts-conseils professionnels.<\/span><\/div>\r\n           \r\n         \r\n                     <h2 class=\"title\">\r\n               <span>Pour une meilleure assistance et un meilleur service\n<\/span>\r\n            <\/h2>\r\n                  \r\n                     <div class=\"heading-action\">\r\n                       <a href=\"#\" class=\"btn-theme btn-cta\">\r\n          Demander un diagnostic        <\/a>\r\n\r\n                    <\/div>\r\n         \r\n      <\/div>\r\n   <\/div>\r\n   <div class=\"clearfix\"><\/div>\r\n<\/div>\t\t\t\t<\/div>\n\t\t\t\t<\/div>\n\t\t\t\t\t<\/div>\n\t\t<\/div>\n\t\t\t\t\t<\/div>\n\t\t<\/section>\n\t\t\t\t<\/div>\n\t\t","protected":false},"excerpt":{"rendered":"<p>Nous accompagnons les PME dans leurs d\u00e9cisions strat\u00e9giques et leur transformation op\u00e9rationnelle \u00e0 travers des services sur-mesure, accessibles, concrets et orient\u00e9s r\u00e9sultats. Diagnostic strat\u00e9gique et \u00e9tude de march\u00e9 Analyser la situation de l\u2019entreprise, son environnement concurrentiel et ses opportunit\u00e9s de d\u00e9veloppement afin d\u2019identifier les leviers de croissance et Voir plus RH &#038; d\u00e9veloppement des comp\u00e9tences [&hellip;]<\/p>\n","protected":false},"author":1,"featured_media":0,"parent":0,"menu_order":0,"comment_status":"closed","ping_status":"closed","template":"","meta":{"footnotes":""},"class_list":["post-3124","page","type-page","status-publish","hentry"],"_links":{"self":[{"href":"https:\/\/stepsdomain.com\/index.php\/wp-json\/wp\/v2\/pages\/3124","targetHints":{"allow":["GET"]}}],"collection":[{"href":"https:\/\/stepsdomain.com\/index.php\/wp-json\/wp\/v2\/pages"}],"about":[{"href":"https:\/\/stepsdomain.com\/index.php\/wp-json\/wp\/v2\/types\/page"}],"author":[{"embeddable":true,"href":"https:\/\/stepsdomain.com\/index.php\/wp-json\/wp\/v2\/users\/1"}],"replies":[{"embeddable":true,"href":"https:\/\/stepsdomain.com\/index.php\/wp-json\/wp\/v2\/comments?post=3124"}],"version-history":[{"count":7,"href":"https:\/\/stepsdomain.com\/index.php\/wp-json\/wp\/v2\/pages\/3124\/revisions"}],"predecessor-version":[{"id":6079,"href":"https:\/\/stepsdomain.com\/index.php\/wp-json\/wp\/v2\/pages\/3124\/revisions\/6079"}],"wp:attachment":[{"href":"https:\/\/stepsdomain.com\/index.php\/wp-json\/wp\/v2\/media?parent=3124"}],"curies":[{"name":"wp","href":"https:\/\/api.w.org\/{rel}","templated":true}]}}